6. What is o(0)?
6
Let t(r) = 3*r**2 - 12*r - 3. Determine t(5).
12
Let f(v) = 5*v**3 - 2*v**2 - 6*v - 5. Determine f(-2).
-41
Let q(b) = -3*b**2 + 63*b - 243. Give q(16).
-3
Let d(z) = 67*z**2 - 2*z - 1. Determine d(-1).
68
Let y(p) = 2*p + 39. Calculate y(-19).
1
Let w(c) = -c**3 + 3*c**2 + 4*c - 2. Calculate w(5).
-32
Let z(a) = 4*a**2 + 20*a - 7. What is z(-5)?
-7
Let j(d) = -3*d**2 + 12*d + 22. Determine j(6).
-14
Let m(d) = 3*d - 23. Calculate m(0).
-23
Let o(m) = m**3 + 27*m**2 + 27*m + 26. What is o(-26)?
0
Let j(a) = -2*a**3 + 31*a**2 + 12*a + 52. Give j(16).
-12
Let h(j) = 12*j. Give h(-2).
-24
Let q(m) = 12*m - 3. Calculate q(1).
9
Let z(a) = -10*a**2 + 7. Determine z(-3).
-83
Let n(a) = -a**2 + 33*a + 67. Give n(35).
-3
Let b(n) = 3*n**2 - 3*n + 9. Calculate b(8).
177
Let w(b) = 2*b**2 - 3*b - 60. Calculate w(-5).
5
Let z(j) = 2*j + 50. Give z(-8).
34
Let g(u) = -u**3 + 32*u**2 - u + 18. Calculate g(32).
-14
Let m(n) = -n + 6. Give m(-8).
14
Let d(y) = -4*y + 30. What is d(6)?
6
Let a(m) = -m**2 - 7*m + 21. Determine a(2).
3
Let s(y) = -3*y**2 - 10*y + 169. What is s(6)?
1
Let n(q) = -6*q**2 + 132*q + 21. Give n(22).
21
Let p(v) = 2*v**2 + 4*v - 91. Give p(-8).
5
Let q(w) = -2*w**3 - 4*w**2 + 4*w - 1. What is q(1)?
-3
Let a(s) = -25*s**2 + s. Calculate a(1).
-24
Let h(m) = -4*m + 7. Calculate h(-11).
51
Let w(d) = -d**2 + 6*d + 28. Calculate w(-8).
-84
Let c(q) = -q**3 - 6*q**2 + 3*q + 7. What is c(-3)?
-29
Let d(h) = 3*h**3 + 155*h**2 + 101*h - 47. Calculate d(-51).
4
Let v(m) = -2*m**3 - 17*m**2 - 13*m - 50. What is v(-8)?
-10
Let q(w) = 2*w**3 - 39*w**2 + 18*w + 24. Determine q(19).
5
Let k(i) = -57*i + 58. Give k(2).
-56
Let c(h) = -8*h + 5. Calculate c(11).
-83
Let u(x) = -2*x**3 + 63*x**2 - 29*x - 69. Determine u(31).
-7
Let j(v) = v**3 - 16*v**2 + v + 81. Give j(16).
97
Let l(k) = 2*k**2 + 28*k - 97. Give l(3).
5
Let o(s) = -3*s + 22. What is o(4)?
10
Let m(s) = s**3 - 42*s**2 + 2*s - 70. Give m(42).
14
Let u(d) = 6*d + 17. What is u(-7)?
-25
Let h(q) = -q**2 + 50*q - 137. Give h(47).
4
Let x(r) = r**2 - 3*r + 5. Calculate x(5).
15
Let b(k) = -7*k - 45. Give b(-12).
39
Let b(f) = -f**3 - 5*f**2 - 3*f + 6. Calculate b(-5).
21
Let l(k) = -4*k**2 + 3*k - 3. Determine l(2).
-13
Let o(g) = -2*g**3 - g**2 - 3*g - 5. Determine o(-2).
13
Let p(o) = o**2 - 19*o + 1. Determine p(9).
-89
Let m(f) = 2*f**2 - 25*f + 17. Give m(7).
-60
Let g(r) = -r**2 + 9*r - 6. What is g(8)?
2
Let d(w) = 3*w - 39. Determine d(0).
-39
Let h(q) = 2*q - 30. What is h(-12)?
-54
Let y(q) = q - 18. What is y(24)?
6
Let z(o) = -5*o - 61. Calculate z(-9).
-16
Let a(h) = h**2 - h - 24. Calculate a(8).
32
Let d(v) = v**2 - 2*v. What is d(5)?
15
Let t(i) = i**3 + 16*i**2 + 4*i + 2. What is t(-16)?
-62
Let g(i) = -2*i**2 + 70*i - 42. Give g(34).
26
Let t(y) = -y**3 + 2*y**2 + y + 28. Give t(0).
28
Let b(n) = 4*n. Determine b(-1).
-4
Let w(v) = v + 4. What is w(4)?
8
Let d(i) = -5*i - 40. Calculate d(-9).
5
Let g(h) = -41*h - 30. Determine g(-1).
11
Let s(q) = q**3 - 19*q**2 - 19*q + 11. Calculate s(20).
31
Let h(l) = -26*l - 2. What is h(1)?
-28
Let g(q) = -60*q + 1. Give g(-1).
61
Let i(f) = 2*f + 17. Give i(-15).
-13
Let f(z) = -2*z - 25. Determine f(-7).
-11
Let n(z) = -2*z**3 + 3*z**2 - 2*z - 4. Calculate n(2).
-12
Let t(o) = 6*o**2 + o. Determine t(1).
7
Let b(y) = 23*y + 3. Calculate b(-3).
-66
Let f(x) = -x**3 - 2*x**2 + 3*x + 3. Determine f(0).
3
Let p(m) = 2*m**3 + 19*m**2 + 15*m + 56. Determine p(-9).
2
Let f(r) = 2*r**2 + 5*r + 2. Give f(-5).
27
Let h(k) = -k - 7. Calculate h(-12).
5
Let a(f) = f**2 - 11*f - 60. Determine a(-7).
66
Let a(y) = y**3 + 6*y**2 - 6*y + 14. Calculate a(-7).
7
Let t(q) = 15*q + 62. What is t(-8)?
-58
Let j(o) = -o**3 - 3*o**2 + 16*o - 11. Calculate j(-6).
1
Let j(x) = 27*x - 170. Determine j(8).
46
Let x(w) = -8*w - 39. Determine x(-6).
9
Let r(a) = 3*a - 22. Give r(9).
5
Let g(q) = -2*q + 67. What is g(30)?
7
Let m(i) = -i**3 - 13*i**2 + 10*i - 11. Determine m(-14).
45
Let z(c) = 2*c**3 + 6*c**2 + 19*c + 60. Give z(-3).
3
Let x(v) = 8*v**2 - 16*v - 21. Calculate x(3).
3
Let l(x) = 31*x**2 + 245*x - 26. Calculate l(-8).
-2
Let m(d) = -d**2 - 11*d + 19. What is m(-13)?
-7
Let a(l) = l**3 + 10*l**2 + 3*l + 31. Give a(-10).
1
Let d(l) = -l**3 + 2*l**2 - 3*l - 8. What is d(-4)?
100
Let x(c) = -c**3 + c**2 - c + 19. Determine x(0).
19
Let i(b) = 9*b - 21. What is i(3)?
6
Let c(b) = -b**2 + 13*b - 17. Calculate c(11).
5
Let b(k) = k**3 - 5*k**2 - 6*k - 3. Determine b(6).
-3
Let l(f) = -f - 13. Give l(-6).
-7
Let y(n) = -n**3 + 7*n**2 + 7*n + 8. Give y(8).
0
Let s(u) = -u**3 - 30*u**2 + 4*u + 115. Give s(-30).
-5
Let z(v) = 32*v + 150. What is z(-5)?
-10
Let q(s) = -3*s**2 + s + 1. What is q(-2)?
-13
Let c(a) = a**3 - 14*a**2 + 43*a + 7. What is c(9)?
-11
Let h(z) = -3*z + 55. Determine h(19).
-2
Let g(r) = 4*r + 52. Give g(-14).
-4
Let w(i) = -4*i - 9. Determine w(1).
-13
Let r(d) = -d**3 - 5*d**2 + 6*d - 1. Calculate r(-6).
-1
Let o(r) = r - 8. Calculate o(7).
-1
Let b(i) = -i + 1. Calculate b(11).
-10
Let d(o) = 6*o**2 + 31*o - 4. Determine d(-6).
26
Let r(a) = 5*a + 4. Determine r(19).
99
Let g(l) = 20*l - 60. Calculate g(3).
0
Let b(c) = c**3 + 6*c**2 + 2*c - 2. What is b(-2)?
10
Let k(n) = -n**2 + 7*n + 5. What is k(-2)?
-13
Let y(a) = -12*a + 109. Determine y(11).
-23
Let i(b) = 3*b - 34. What is i(8)?
-10
Let q(g) = 17*g + 79. Calculate q(-4).
11
Let d(v) = -9*v - 18. What is d(-2)?
0
Let h(s) = 2*s**3 + 37*s**2 - 13*s + 118. What is h(-19)?
4
Let c(h) = -h**2 - 12*h - 15. Determine c(-10).
5
Let f(y) = -290*y + 862. Give f(3).
-8
Let d(h) = -h**2 + 22*h - 22. Calculate d(17).
63
Let p(w) = w**3 + 5*w**2 + 4*w. What is p(-3)?
6
Let l(x) = 29*x + 6. What is l(2)?
64
Let o(g) = g**3 + 20*g**2 + 19*g + 5. What is o(-19)?
5
Let t(m) = -m + 21. What is t(4)?
17
Let z(n) = -n**2 + 4*n + 20. What is z(6)?
8
Let c(x) = -2*x**2 - 7*x + 50. Give c(-9).
-49
Let b(g) = 5*g**2 + 37*g - 3. What is b(-7)?
-17
Let t(k) = 11*k - 33. What is t(4)?
11
Let x(k) = k**3 - 27*k**2 + 50*k - 1. Give x(2).
-1
Let i(n) = -9*n. What is i(3)?
-27
Let z(a) = a**3 - 6*a**2 - 8*a - 2. Give z(8).
62
Let b(a) = -2*a**3 + 3*a**2 + 2*a - 2. Determine b(-2).
22
Let w(k) = -k**3 + 4*k**2 - 3*k - 7. Give w(5).
-47
Let o(z) = -2*z**2 - 7*z + 1. Calculate o(-4).
-3
Let l(u) = 11*u - 18. What is l(10)?
92
Let r(y) = 15*y**2 + 4*y - 9. Calculate r(3).
138
Let n(u) = u**2 + 2*u + 9. What is n(4)?
33
Let q(g) = -3*g + 6. What is q(3)?
-3
Let b(v) = -v**3 - 4*v**2 + 7*v - 9. Calculate b(-7).
89
Let x(p) = -4*p - 9. What is x(-6)?
15
Let n(w) = w**3 + 10*w**2 + 9. Give n(-10).
9
Let w(o) = 10*o - 138. Give w(14).
2
Let z(m) = -14*m**2 - m. Give z(-1).
-13
Let f(m) = -m**2 + 31*m - 64. Give f(29).
-6
Let a(y) = -2*y**2 + 55*y + 29. What is a(28)?
1
Let x(c) = -7*c - 4. Determine x(-3).
17
Let x(k) = 28*k - 426. What is x(15)?
-6
Let u(m) = -35*m**2 + m + 1. Determine u(-1).
-35
Let v(d) = d**3 - 3*d**2. Determine v(-3).
-54
Let x(c) = c**2 + 77*c + 427. Determine x(-71).
1
Let k(d) = d**3 - 2*d**2 - d - 4. Determine k(4).
24
Let s(m) = 14*m + 434. Determine s(-31).
0
Let x(v) = -v**3 - 2*v + 37. What is x(0)?
37
Let y(v) = -v**3 + 8*v**2 - 2*v - 7. Determine y(6).
53
Let c(i) = -i**3 - i**2 + i + 2. Determine c(-5).
97
Let h(l) = -l**2 - l - 5. Determine h(0).
-5
Let q(m) = -9*m - 5. Determine q(-7).
58
Let k(s) = -s**3 + 10*s**2 - 4*s - 11. What is k(9)?
34
Let y(t) = -t**3 + 9*t**2 - 14*t + 3. What is y(7)?
3
Let r(t) = t**3 + 2*t**2 + 8*t + 24. Give r(-3).
-9
Let k(f) = -f**2 + 33*f + 91. Determine k(35).
21
Let r(k) = -2*k + 8. Calculate r(0).
8
Let y(o) = o**2 - 20*o + 105. Determine y(10).
5
Let m(h) = -h**2 + 7*h - 1. Calculate m(7).
-1
Let o(m) = m**2 - 2*m + 1. Determine o(3).
4
Let s(u) = -u**3 - 15*u**2 + 15*u. Determine s(-16).
16
Let s(m) = m**3 - 7*m**2 + 6*m - 5. Calculate s(4).
-29
Let f(v) = 10*v. What is f(-3)?
-30
Let l(f) = -3*f - 6. Calculate l(-2).
0
Let x(n) = 17*n + 136. Calculate x(-6).
34
Let z(a) = a**2 - 17*a + 33. Calculate z(8).
-39
Let x(v) = v**3 + 4*v**2 - 4*v - 2. Determine x(-5).
-7
Let m(t) = t**2 - 10*t + 24. What is m(6)?
0
Let w(r) = -r**3 - 29*r**2 + 96*r + 4. Calculate w(-32).
4
Let q(o) = o. Calculate q(-8).
-8
Let l(n) = n + 3